{"id":1690,"date":"2024-02-08T17:19:30","date_gmt":"2024-02-08T16:19:30","guid":{"rendered":"https:\/\/www.asteboetto.com\/?page_id=1690"},"modified":"2025-04-08T12:27:52","modified_gmt":"2025-04-08T10:27:52","slug":"vendere","status":"publish","type":"page","link":"https:\/\/www.asteboetto.com\/?page_id=1690","title":{"rendered":"Vendere"},"content":{"rendered":"<p>[et_pb_section fb_built=&#8221;1&#8243; _builder_version=&#8221;4.24.2&#8243; _module_preset=&#8221;default&#8221; background_color=&#8221;rgba(82,82,82,0.5)&#8221; background_image=&#8221;https:\/\/www.asteboetto.com\/wp-content\/uploads\/2024\/09\/fondo-blu-sfumato.png&#8221; da_disable_devices=&#8221;off|off|off&#8221; locked=&#8221;off&#8221; global_colors_info=&#8221;{}&#8221; da_is_popup=&#8221;off&#8221; da_exit_intent=&#8221;off&#8221; da_has_close=&#8221;on&#8221; da_alt_close=&#8221;off&#8221; da_dark_close=&#8221;off&#8221; da_not_modal=&#8221;on&#8221; da_is_singular=&#8221;off&#8221; da_with_loader=&#8221;off&#8221; da_has_shadow=&#8221;on&#8221;][et_pb_row _builder_version=&#8221;4.24.2&#8243; _module_preset=&#8221;default&#8221; global_colors_info=&#8221;{}&#8221;][et_pb_column type=&#8221;4_4&#8243; _builder_version=&#8221;4.17.3&#8243; _module_preset=&#8221;default&#8221; global_colors_info=&#8221;{}&#8221;][et_pb_text _builder_version=&#8221;4.24.2&#8243; _module_preset=&#8221;default&#8221; header_font=&#8221;|700|||||||&#8221; header_text_align=&#8221;center&#8221; header_text_color=&#8221;#FFFFFF&#8221; header_font_size=&#8221;70px&#8221; border_color_all=&#8221;#FFFFFF&#8221; global_colors_info=&#8221;{}&#8221;]<\/p>\n<h2 style=\"text-align: center;color:white;\">VENDERE<\/h2>\n<p>[\/et_pb_text][\/et_pb_column][\/et_pb_row][\/et_pb_section][et_pb_section fb_built=&#8221;1&#8243; _builder_version=&#8221;4.24.2&#8243; _module_preset=&#8221;default&#8221; da_disable_devices=&#8221;off|off|off&#8221; global_colors_info=&#8221;{}&#8221; da_is_popup=&#8221;off&#8221; da_exit_intent=&#8221;off&#8221; da_has_close=&#8221;on&#8221; da_alt_close=&#8221;off&#8221; da_dark_close=&#8221;off&#8221; da_not_modal=&#8221;on&#8221; da_is_singular=&#8221;off&#8221; da_with_loader=&#8221;off&#8221; da_has_shadow=&#8221;on&#8221;][et_pb_row _builder_version=&#8221;4.24.2&#8243; _module_preset=&#8221;default&#8221; width=&#8221;70%&#8221; max_width=&#8221;100%&#8221; global_colors_info=&#8221;{}&#8221;][et_pb_column type=&#8221;4_4&#8243; _builder_version=&#8221;4.24.2&#8243; _module_preset=&#8221;default&#8221; global_colors_info=&#8221;{}&#8221;][et_pb_text _builder_version=&#8221;4.24.2&#8243; _module_preset=&#8221;default&#8221; text_text_color=&#8221;#162440&#8243; custom_margin=&#8221;||||false|false&#8221; custom_padding=&#8221;||0px|10px|false|false&#8221; border_width_left=&#8221;1px&#8221; border_color_left=&#8221;#525252&#8243; global_colors_info=&#8221;{}&#8221;]<\/p>\n<h4 style=\"padding-bottom: 0px;\">VALUTAZIONE<\/h4>\n<p>[\/et_pb_text][et_pb_text _builder_version=&#8221;4.24.2&#8243; _module_preset=&#8221;default&#8221; width=&#8221;80%&#8221; module_alignment=&#8221;center&#8221; global_colors_info=&#8221;{}&#8221;]<\/p>\n<p style=\"text-align: left;\">Il primo contatto tra il cliente che vuole vendere e la Boetto S.r.l. avviene con la <b>valutazione<\/b> (stima) degli oggetti. Questa pu\u00f2 avvenire <b>nella sede della Casa d&#8217;Aste<\/b> o su appuntamento <b>a domicilio<\/b>.<br \/>\nLa <b>valutazione<\/b> \u00e8 assolutamente <b>gratuita, riservata<\/b> e fatta da esperti del settore specifico.<br \/>\nLa possibilit\u00e0 di vendita riguarda sia opere singole, sia interi arredamenti.<br \/>\n\u00c8 data anche la possibilit\u00e0 di organizzare vendite all&#8217;asta di arredi di grandi dimore direttamente in loco.[\/et_pb_text][et_pb_text _builder_version=&#8221;4.24.2&#8243; _module_preset=&#8221;default&#8221; text_text_color=&#8221;#162440&#8243; custom_margin=&#8221;||||false|false&#8221; custom_padding=&#8221;||0px|10px|false|false&#8221; border_width_left=&#8221;1px&#8221; border_color_left=&#8221;#525252&#8243; global_colors_info=&#8221;{}&#8221;]<\/p>\n<h4 style=\"padding-bottom: 0px;\">IN CASO DI VENDITA<\/h4>\n<p>[\/et_pb_text][et_pb_text _builder_version=&#8221;4.24.2&#8243; _module_preset=&#8221;default&#8221; width=&#8221;80%&#8221; module_alignment=&#8221;center&#8221; global_colors_info=&#8221;{}&#8221;]<\/p>\n<p style=\"text-align: left;\">La <b>percentuale che spetta alla Casa d&#8217;Aste<\/b>, normalmente del <b>12%<\/b>, pu\u00f2 essere oggetto di contrattazione in caso di importanti affidamenti, ed \u00e8 comunque comprensiva di ogni spesa di fotografie, assicurazione e custodia, <b>escluso<\/b> unicamente il <b>trasporto<\/b>.<\/p>\n<p>[\/et_pb_text][et_pb_text _builder_version=&#8221;4.24.2&#8243; _module_preset=&#8221;default&#8221; text_text_color=&#8221;#162440&#8243; custom_margin=&#8221;||||false|false&#8221; custom_padding=&#8221;||0px|10px|false|false&#8221; border_width_left=&#8221;1px&#8221; border_color_left=&#8221;#525252&#8243; global_colors_info=&#8221;{}&#8221;]<\/p>\n<h4 style=\"padding-bottom: 0px;\">PAGAMENTI<\/h4>\n<p>[\/et_pb_text][et_pb_text _builder_version=&#8221;4.24.2&#8243; _module_preset=&#8221;default&#8221; width=&#8221;80%&#8221; module_alignment=&#8221;center&#8221; global_colors_info=&#8221;{}&#8221;]<\/p>\n<p style=\"text-align: left;\">Dopo <b>trenta giorni lavorativi dalla data dell&#8217;asta<\/b>, la casa d&#8217;aste Boetto liquider\u00e0 la cifra dovuta per la vendita per mezzo di <b>bonifico su c\/c intestato al proprietario dei lotti<\/b>.<\/p>\n<p>Al momento del pagamento verr\u00e0 rilasciata una fattura in cui saranno indicate in dettaglio le aggiudicazioni, le commissioni e le altre eventuali spese.<br \/>\nIl saldo al mandante verr\u00e0 effettuato appena aver ricevuto il pagamento dall&#8217;acquirente.<\/p>\n<p>[\/et_pb_text][et_pb_text _builder_version=&#8221;4.24.2&#8243; _module_preset=&#8221;default&#8221; text_text_color=&#8221;#162440&#8243; custom_margin=&#8221;||||false|false&#8221; custom_padding=&#8221;||0px|10px|false|false&#8221; border_width_left=&#8221;1px&#8221; border_color_left=&#8221;#525252&#8243; global_colors_info=&#8221;{}&#8221;]<\/p>\n<h4 style=\"padding-bottom: 0px;\">IN CASO DI INVENDUTO<\/h4>\n<p>[\/et_pb_text][et_pb_text _builder_version=&#8221;4.24.2&#8243; _module_preset=&#8221;default&#8221; width=&#8221;80%&#8221; module_alignment=&#8221;center&#8221; global_colors_info=&#8221;{}&#8221;]<\/p>\n<p style=\"text-align: left;\">Nell&#8217;eventualit\u00e0 che anche nel dopo asta risulti <b>invenduto<\/b> e possibile ritiralo <b>senza alcun costo da parte del proprietario<\/b>.<br \/>Qualora il prezzo di partenza non fosse raggiunto il lotto risulter\u00e0 invenduto.<br \/>Sar\u00e0 ancora disponibile essere visionato presso la nostra sede e sul nostro sito, quindi sar\u00e0<\/p>\n<p>[\/et_pb_text][\/et_pb_column][\/et_pb_row][\/et_pb_section][et_pb_section fb_built=&#8221;1&#8243; _builder_version=&#8221;4.24.2&#8243; _module_preset=&#8221;default&#8221; background_image=&#8221;https:\/\/www.asteboetto.com\/wp-content\/uploads\/2024\/09\/fondo-blu-sfumato.png&#8221; da_disable_devices=&#8221;off|off|off&#8221; global_colors_info=&#8221;{}&#8221; da_is_popup=&#8221;off&#8221; da_exit_intent=&#8221;off&#8221; da_has_close=&#8221;on&#8221; da_alt_close=&#8221;off&#8221; da_dark_close=&#8221;off&#8221; da_not_modal=&#8221;on&#8221; da_is_singular=&#8221;off&#8221; da_with_loader=&#8221;off&#8221; da_has_shadow=&#8221;on&#8221;][et_pb_row _builder_version=&#8221;4.24.2&#8243; _module_preset=&#8221;default&#8221; width=&#8221;45%&#8221; max_width=&#8221;100%&#8221; global_colors_info=&#8221;{}&#8221;][et_pb_column type=&#8221;4_4&#8243; _builder_version=&#8221;4.24.2&#8243; _module_preset=&#8221;default&#8221; global_colors_info=&#8221;{}&#8221;][et_pb_text _builder_version=&#8221;4.24.2&#8243; _module_preset=&#8221;default&#8221; text_text_color=&#8221;#FFFFFF&#8221; global_colors_info=&#8221;{}&#8221;]<\/p>\n<h3 style=\"text-align: center;color:white;\">RICHIEDI UNA VALUTAZIONE<\/h3>\n<p>[\/et_pb_text][et_pb_text _builder_version=&#8221;4.24.2&#8243; _module_preset=&#8221;default&#8221; text_text_color=&#8221;#FFFFFF&#8221; global_colors_info=&#8221;{}&#8221;]<\/p>\n<h6 style=\"text-align: center;color:white;\">I nostri esperti sono a disposizione\u00a0 per valutazioni gratuite e confidenziali<\/h6>\n<p>[\/et_pb_text][et_pb_button button_url=&#8221;https:\/\/www.asteboetto.com\/?page_id=1674&#8243; button_text=&#8221;CONTATTA I DIPARTIMENTI&#8221; _builder_version=&#8221;4.24.2&#8243; _module_preset=&#8221;default&#8221; button_text_size=&#8221;18px&#8221; button_text_color=&#8221;#FFFFFF&#8221; button_bg_color=&#8221;#162440&#8243; button_border_color=&#8221;#525252&#8243; button_border_radius=&#8221;0px&#8221; button_font=&#8221;Open Sans|800||on|||||&#8221; custom_padding=&#8221;10px|10px|10px|10px|false|false&#8221; hover_enabled=&#8221;0&#8243; global_colors_info=&#8221;{}&#8221; button_bg_color__hover=&#8221;#FFFFFF&#8221; button_bg_enable_color__hover=&#8221;on&#8221; button_border_color__hover=&#8221;#525252&#8243; button_text_color__hover_enabled=&#8221;on|hover&#8221; button_text_color__hover=&#8221;#162440&#8243; sticky_enabled=&#8221;0&#8243;][\/et_pb_button][\/et_pb_column][\/et_pb_row][\/et_pb_section]<\/p>\n","protected":false},"excerpt":{"rendered":"<p>VENDEREVALUTAZIONEIl primo contatto tra il cliente che vuole vendere e la Boetto S.r.l. avviene con la valutazione (stima) degli oggetti. Questa pu\u00f2 avvenire nella sede della Casa d&#8217;Aste o su appuntamento a domicilio. La valutazione \u00e8 assolutamente gratuita, riservata e fatta da esperti del settore specifico. La possibilit\u00e0 di vendita riguarda sia opere singole, sia [&hellip;]<\/p>\n","protected":false},"author":1,"featured_media":0,"parent":0,"menu_order":0,"comment_status":"closed","ping_status":"closed","template":"","meta":{"_et_pb_use_builder":"on","_et_pb_old_content":"","_et_gb_content_width":"","footnotes":""},"class_list":["post-1690","page","type-page","status-publish","hentry"],"yoast_head":"<!-- This site is optimized with the Yoast SEO plugin v27.4 - https:\/\/yoast.com\/product\/yoast-seo-wordpress\/ -->\n<title>Vendere - Aste Boetto<\/title>\n<meta name=\"robots\" content=\"index, follow, max-snippet:-1, max-image-preview:large, max-video-preview:-1\" \/>\n<link rel=\"canonical\" href=\"https:\/\/www.asteboetto.com\/?page_id=1690\" \/>\n<meta property=\"og:locale\" content=\"it_IT\" \/>\n<meta property=\"og:type\" content=\"article\" \/>\n<meta property=\"og:title\" content=\"Vendere - Aste Boetto\" \/>\n<meta property=\"og:description\" content=\"VENDEREVALUTAZIONEIl primo contatto tra il cliente che vuole vendere e la Boetto S.r.l. avviene con la valutazione (stima) degli oggetti. Questa pu\u00f2 avvenire nella sede della Casa d&#039;Aste o su appuntamento a domicilio. La valutazione \u00e8 assolutamente gratuita, riservata e fatta da esperti del settore specifico. La possibilit\u00e0 di vendita riguarda sia opere singole, sia [&hellip;]\" \/>\n<meta property=\"og:url\" content=\"https:\/\/www.asteboetto.com\/?page_id=1690\" \/>\n<meta property=\"og:site_name\" content=\"Aste Boetto\" \/>\n<meta property=\"article:publisher\" content=\"https:\/\/www.facebook.com\/casadasteboetto\" \/>\n<meta property=\"article:modified_time\" content=\"2025-04-08T10:27:52+00:00\" \/>\n<meta name=\"twitter:card\" content=\"summary_large_image\" \/>\n<meta name=\"twitter:label1\" content=\"Tempo di lettura stimato\" \/>\n\t<meta name=\"twitter:data1\" content=\"2 minuti\" \/>\n<script type=\"application\/ld+json\" class=\"yoast-schema-graph\">{\"@context\":\"https:\\\/\\\/schema.org\",\"@graph\":[{\"@type\":\"WebPage\",\"@id\":\"https:\\\/\\\/www.asteboetto.com\\\/?page_id=1690\",\"url\":\"https:\\\/\\\/www.asteboetto.com\\\/?page_id=1690\",\"name\":\"Vendere - Aste Boetto\",\"isPartOf\":{\"@id\":\"https:\\\/\\\/www.asteboetto.com\\\/#website\"},\"datePublished\":\"2024-02-08T16:19:30+00:00\",\"dateModified\":\"2025-04-08T10:27:52+00:00\",\"breadcrumb\":{\"@id\":\"https:\\\/\\\/www.asteboetto.com\\\/?page_id=1690#breadcrumb\"},\"inLanguage\":\"it-IT\",\"potentialAction\":[{\"@type\":\"ReadAction\",\"target\":[\"https:\\\/\\\/www.asteboetto.com\\\/?page_id=1690\"]}]},{\"@type\":\"BreadcrumbList\",\"@id\":\"https:\\\/\\\/www.asteboetto.com\\\/?page_id=1690#breadcrumb\",\"itemListElement\":[{\"@type\":\"ListItem\",\"position\":1,\"name\":\"Home\",\"item\":\"https:\\\/\\\/www.asteboetto.com\\\/\"},{\"@type\":\"ListItem\",\"position\":2,\"name\":\"Vendere\"}]},{\"@type\":\"WebSite\",\"@id\":\"https:\\\/\\\/www.asteboetto.com\\\/#website\",\"url\":\"https:\\\/\\\/www.asteboetto.com\\\/\",\"name\":\"Aste Boetto\",\"description\":\"Antiquariato, Design, Arte Moderna &amp; Gioielli | Genova\",\"publisher\":{\"@id\":\"https:\\\/\\\/www.asteboetto.com\\\/#organization\"},\"potentialAction\":[{\"@type\":\"SearchAction\",\"target\":{\"@type\":\"EntryPoint\",\"urlTemplate\":\"https:\\\/\\\/www.asteboetto.com\\\/?s={search_term_string}\"},\"query-input\":{\"@type\":\"PropertyValueSpecification\",\"valueRequired\":true,\"valueName\":\"search_term_string\"}}],\"inLanguage\":\"it-IT\"},{\"@type\":\"Organization\",\"@id\":\"https:\\\/\\\/www.asteboetto.com\\\/#organization\",\"name\":\"Aste Boetto\",\"url\":\"https:\\\/\\\/www.asteboetto.com\\\/\",\"logo\":{\"@type\":\"ImageObject\",\"inLanguage\":\"it-IT\",\"@id\":\"https:\\\/\\\/www.asteboetto.com\\\/#\\\/schema\\\/logo\\\/image\\\/\",\"url\":\"https:\\\/\\\/www.asteboetto.com\\\/wp-content\\\/uploads\\\/2024\\\/08\\\/android-chrome-512x512-1.png\",\"contentUrl\":\"https:\\\/\\\/www.asteboetto.com\\\/wp-content\\\/uploads\\\/2024\\\/08\\\/android-chrome-512x512-1.png\",\"width\":512,\"height\":512,\"caption\":\"Aste Boetto\"},\"image\":{\"@id\":\"https:\\\/\\\/www.asteboetto.com\\\/#\\\/schema\\\/logo\\\/image\\\/\"},\"sameAs\":[\"https:\\\/\\\/www.facebook.com\\\/casadasteboetto\",\"https:\\\/\\\/www.instagram.com\\\/asteboetto\\\/\"]}]}<\/script>\n<!-- \/ Yoast SEO plugin. -->","yoast_head_json":{"title":"Vendere - Aste Boetto","robots":{"index":"index","follow":"follow","max-snippet":"max-snippet:-1","max-image-preview":"max-image-preview:large","max-video-preview":"max-video-preview:-1"},"canonical":"https:\/\/www.asteboetto.com\/?page_id=1690","og_locale":"it_IT","og_type":"article","og_title":"Vendere - Aste Boetto","og_description":"VENDEREVALUTAZIONEIl primo contatto tra il cliente che vuole vendere e la Boetto S.r.l. avviene con la valutazione (stima) degli oggetti. Questa pu\u00f2 avvenire nella sede della Casa d'Aste o su appuntamento a domicilio. La valutazione \u00e8 assolutamente gratuita, riservata e fatta da esperti del settore specifico. La possibilit\u00e0 di vendita riguarda sia opere singole, sia [&hellip;]","og_url":"https:\/\/www.asteboetto.com\/?page_id=1690","og_site_name":"Aste Boetto","article_publisher":"https:\/\/www.facebook.com\/casadasteboetto","article_modified_time":"2025-04-08T10:27:52+00:00","twitter_card":"summary_large_image","twitter_misc":{"Tempo di lettura stimato":"2 minuti"},"schema":{"@context":"https:\/\/schema.org","@graph":[{"@type":"WebPage","@id":"https:\/\/www.asteboetto.com\/?page_id=1690","url":"https:\/\/www.asteboetto.com\/?page_id=1690","name":"Vendere - Aste Boetto","isPartOf":{"@id":"https:\/\/www.asteboetto.com\/#website"},"datePublished":"2024-02-08T16:19:30+00:00","dateModified":"2025-04-08T10:27:52+00:00","breadcrumb":{"@id":"https:\/\/www.asteboetto.com\/?page_id=1690#breadcrumb"},"inLanguage":"it-IT","potentialAction":[{"@type":"ReadAction","target":["https:\/\/www.asteboetto.com\/?page_id=1690"]}]},{"@type":"BreadcrumbList","@id":"https:\/\/www.asteboetto.com\/?page_id=1690#breadcrumb","itemListElement":[{"@type":"ListItem","position":1,"name":"Home","item":"https:\/\/www.asteboetto.com\/"},{"@type":"ListItem","position":2,"name":"Vendere"}]},{"@type":"WebSite","@id":"https:\/\/www.asteboetto.com\/#website","url":"https:\/\/www.asteboetto.com\/","name":"Aste Boetto","description":"Antiquariato, Design, Arte Moderna &amp; Gioielli | Genova","publisher":{"@id":"https:\/\/www.asteboetto.com\/#organization"},"potentialAction":[{"@type":"SearchAction","target":{"@type":"EntryPoint","urlTemplate":"https:\/\/www.asteboetto.com\/?s={search_term_string}"},"query-input":{"@type":"PropertyValueSpecification","valueRequired":true,"valueName":"search_term_string"}}],"inLanguage":"it-IT"},{"@type":"Organization","@id":"https:\/\/www.asteboetto.com\/#organization","name":"Aste Boetto","url":"https:\/\/www.asteboetto.com\/","logo":{"@type":"ImageObject","inLanguage":"it-IT","@id":"https:\/\/www.asteboetto.com\/#\/schema\/logo\/image\/","url":"https:\/\/www.asteboetto.com\/wp-content\/uploads\/2024\/08\/android-chrome-512x512-1.png","contentUrl":"https:\/\/www.asteboetto.com\/wp-content\/uploads\/2024\/08\/android-chrome-512x512-1.png","width":512,"height":512,"caption":"Aste Boetto"},"image":{"@id":"https:\/\/www.asteboetto.com\/#\/schema\/logo\/image\/"},"sameAs":["https:\/\/www.facebook.com\/casadasteboetto","https:\/\/www.instagram.com\/asteboetto\/"]}]}},"_links":{"self":[{"href":"https:\/\/www.asteboetto.com\/index.php?rest_route=\/wp\/v2\/pages\/1690","targetHints":{"allow":["GET"]}}],"collection":[{"href":"https:\/\/www.asteboetto.com\/index.php?rest_route=\/wp\/v2\/pages"}],"about":[{"href":"https:\/\/www.asteboetto.com\/index.php?rest_route=\/wp\/v2\/types\/page"}],"author":[{"embeddable":true,"href":"https:\/\/www.asteboetto.com\/index.php?rest_route=\/wp\/v2\/users\/1"}],"replies":[{"embeddable":true,"href":"https:\/\/www.asteboetto.com\/index.php?rest_route=%2Fwp%2Fv2%2Fcomments&post=1690"}],"version-history":[{"count":68,"href":"https:\/\/www.asteboetto.com\/index.php?rest_route=\/wp\/v2\/pages\/1690\/revisions"}],"predecessor-version":[{"id":6198,"href":"https:\/\/www.asteboetto.com\/index.php?rest_route=\/wp\/v2\/pages\/1690\/revisions\/6198"}],"wp:attachment":[{"href":"https:\/\/www.asteboetto.com\/index.php?rest_route=%2Fwp%2Fv2%2Fmedia&parent=1690"}],"curies":[{"name":"wp","href":"https:\/\/api.w.org\/{rel}","templated":true}]}}