{"id":95,"date":"2022-05-19T10:35:03","date_gmt":"2022-05-19T08:35:03","guid":{"rendered":"https:\/\/hellomayo.com\/test\/?page_id=95"},"modified":"2025-09-11T17:40:36","modified_gmt":"2025-09-11T15:40:36","slug":"la-casa-daste","status":"publish","type":"page","link":"https:\/\/www.asteboetto.com\/?page_id=95","title":{"rendered":"Chi Siamo"},"content":{"rendered":"<p>[et_pb_section fb_built=&#8221;1&#8243; _builder_version=&#8221;4.24.2&#8243; _module_preset=&#8221;default&#8221; background_color=&#8221;rgba(82,82,82,0.5)&#8221; background_image=&#8221;https:\/\/www.asteboetto.com\/wp-content\/uploads\/2024\/09\/fondo-blu-sfumato.png&#8221; da_disable_devices=&#8221;off|off|off&#8221; locked=&#8221;off&#8221; global_colors_info=&#8221;{}&#8221; da_is_popup=&#8221;off&#8221; da_exit_intent=&#8221;off&#8221; da_has_close=&#8221;on&#8221; da_alt_close=&#8221;off&#8221; da_dark_close=&#8221;off&#8221; da_not_modal=&#8221;on&#8221; da_is_singular=&#8221;off&#8221; da_with_loader=&#8221;off&#8221; da_has_shadow=&#8221;on&#8221;][et_pb_row _builder_version=&#8221;4.24.2&#8243; _module_preset=&#8221;default&#8221; global_colors_info=&#8221;{}&#8221;][et_pb_column type=&#8221;4_4&#8243; _builder_version=&#8221;4.17.3&#8243; _module_preset=&#8221;default&#8221; global_colors_info=&#8221;{}&#8221;][et_pb_text _builder_version=&#8221;4.24.2&#8243; _module_preset=&#8221;default&#8221; header_font=&#8221;|700|||||||&#8221; header_text_align=&#8221;center&#8221; header_text_color=&#8221;#FFFFFF&#8221; header_font_size=&#8221;70px&#8221; border_color_all=&#8221;#FFFFFF&#8221; global_colors_info=&#8221;{}&#8221;]<\/p>\n<h2 style=\"text-align: center;color:white;\">STORIA<\/h2>\n<p>[\/et_pb_text][\/et_pb_column][\/et_pb_row][\/et_pb_section][et_pb_section fb_built=&#8221;1&#8243; _builder_version=&#8221;4.24.2&#8243; _module_preset=&#8221;default&#8221; da_disable_devices=&#8221;off|off|off&#8221; global_colors_info=&#8221;{}&#8221; da_is_popup=&#8221;off&#8221; da_exit_intent=&#8221;off&#8221; da_has_close=&#8221;on&#8221; da_alt_close=&#8221;off&#8221; da_dark_close=&#8221;off&#8221; da_not_modal=&#8221;on&#8221; da_is_singular=&#8221;off&#8221; da_with_loader=&#8221;off&#8221; da_has_shadow=&#8221;on&#8221;][et_pb_row _builder_version=&#8221;4.24.2&#8243; _module_preset=&#8221;default&#8221; global_colors_info=&#8221;{}&#8221;][et_pb_column type=&#8221;4_4&#8243; _builder_version=&#8221;4.24.2&#8243; _module_preset=&#8221;default&#8221; global_colors_info=&#8221;{}&#8221;][et_pb_text _builder_version=&#8221;4.24.2&#8243; _module_preset=&#8221;default&#8221; hover_enabled=&#8221;0&#8243; global_colors_info=&#8221;{}&#8221; sticky_enabled=&#8221;0&#8243;]Nata negli anni Ottanta dalla volont\u00e0 di valorizzare il patrimonio artistico e culturale delle famiglie genovesi, la Casa d&#8217;Aste Boetto si \u00e8 affermata nel tempo come punto di riferimento per gli appassionati d&#8217;arte e gli antiquari.<\/p>\n<p>La Casa d&#8217;Aste Boetto \u00e8 nata anni fa con lo scopo di aiutare, tramite la vendita di arredi e oggetti provenienti dalle pi\u00f9 importanti famiglie genovesi, la Caritas Diocesana.<\/p>\n<p>Con il passare degli anni si \u00e8 trasformata in una S.R.L. continuando a dare comunque un contributo annuo alla Caritas.<br \/>\nDa oltre trent&#8217;anni, la Casa d&#8217;Aste Boetto \u00e8 sinonimo di professionalit\u00e0 e competenza nel mondo delle aste. Oggi, la Casa d&#8217;Aste Boetto \u00e8 una realt\u00e0 dinamica e in continua evoluzione.<\/p>\n<p>La nostra mission \u00e8 quella di mettere in contatto appassionati e collezionisti con opere uniche e di grande valore, contribuendo al tempo stesso alla valorizzazione del patrimonio artistico.<\/p>\n<p>Le nostre aste coprono un ampio spettro di settori, dall&#8217;antiquariato all&#8217;arte moderna e contemporanea, passando per il design, gioielli e orologi, fotografia e. Ogni asta \u00e8 un evento unico, un&#8217;opportunit\u00e0 per scoprire e acquistare opere d&#8217;arte e oggetti di pregio.<\/p>\n<p>Un viaggio nel tempo attraverso l&#8217;arte, la Casa d&#8217;Aste Boetto \u00e8 un ponte tra passato e presente. Nelle nostre sale, si incontrano storie di vita, passioni collezionistiche e capolavori che hanno segnato la storia dell&#8217;arte.<\/p>\n<p>Ogni oggetto che proponiamo all&#8217;asta \u00e8 un pezzo di un puzzle pi\u00f9 grande, un frammento di storia che merita di essere raccontato.<\/p>\n<p>Venite a scoprire con noi il fascino dell&#8217;asta, un&#8217;esperienza unica e indimenticabile.<br \/>\n[\/et_pb_text][\/et_pb_column][\/et_pb_row][\/et_pb_section]<\/p>\n","protected":false},"excerpt":{"rendered":"<p>STORIANata negli anni Ottanta dalla volont\u00e0 di valorizzare il patrimonio artistico e culturale delle famiglie genovesi, la Casa d&#8217;Aste Boetto si \u00e8 affermata nel tempo come punto di riferimento per gli appassionati d&#8217;arte e gli antiquari. La Casa d&#8217;Aste Boetto \u00e8 nata anni fa con lo scopo di aiutare, tramite la vendita di arredi e [&hellip;]<\/p>\n","protected":false},"author":1,"featured_media":0,"parent":0,"menu_order":0,"comment_status":"closed","ping_status":"closed","template":"","meta":{"_et_pb_use_builder":"on","_et_pb_old_content":"","_et_gb_content_width":"","footnotes":""},"class_list":["post-95","page","type-page","status-publish","hentry"],"yoast_head":"<!-- This site is optimized with the Yoast SEO plugin v27.4 - https:\/\/yoast.com\/product\/yoast-seo-wordpress\/ -->\n<title>Chi Siamo - Aste Boetto<\/title>\n<meta name=\"robots\" content=\"index, follow, max-snippet:-1, max-image-preview:large, max-video-preview:-1\" \/>\n<link rel=\"canonical\" href=\"https:\/\/www.asteboetto.com\/?page_id=95\" \/>\n<meta property=\"og:locale\" content=\"it_IT\" \/>\n<meta property=\"og:type\" content=\"article\" \/>\n<meta property=\"og:title\" content=\"Chi Siamo - Aste Boetto\" \/>\n<meta property=\"og:description\" content=\"STORIANata negli anni Ottanta dalla volont\u00e0 di valorizzare il patrimonio artistico e culturale delle famiglie genovesi, la Casa d&#039;Aste Boetto si \u00e8 affermata nel tempo come punto di riferimento per gli appassionati d&#039;arte e gli antiquari. La Casa d&#039;Aste Boetto \u00e8 nata anni fa con lo scopo di aiutare, tramite la vendita di arredi e [&hellip;]\" \/>\n<meta property=\"og:url\" content=\"https:\/\/www.asteboetto.com\/?page_id=95\" \/>\n<meta property=\"og:site_name\" content=\"Aste Boetto\" \/>\n<meta property=\"article:publisher\" content=\"https:\/\/www.facebook.com\/casadasteboetto\" \/>\n<meta property=\"article:modified_time\" content=\"2025-09-11T15:40:36+00:00\" \/>\n<meta name=\"twitter:card\" content=\"summary_large_image\" \/>\n<meta name=\"twitter:label1\" content=\"Tempo di lettura stimato\" \/>\n\t<meta name=\"twitter:data1\" content=\"2 minuti\" \/>\n<script type=\"application\/ld+json\" class=\"yoast-schema-graph\">{\"@context\":\"https:\\\/\\\/schema.org\",\"@graph\":[{\"@type\":\"WebPage\",\"@id\":\"https:\\\/\\\/www.asteboetto.com\\\/?page_id=95\",\"url\":\"https:\\\/\\\/www.asteboetto.com\\\/?page_id=95\",\"name\":\"Chi Siamo - Aste Boetto\",\"isPartOf\":{\"@id\":\"https:\\\/\\\/www.asteboetto.com\\\/#website\"},\"datePublished\":\"2022-05-19T08:35:03+00:00\",\"dateModified\":\"2025-09-11T15:40:36+00:00\",\"breadcrumb\":{\"@id\":\"https:\\\/\\\/www.asteboetto.com\\\/?page_id=95#breadcrumb\"},\"inLanguage\":\"it-IT\",\"potentialAction\":[{\"@type\":\"ReadAction\",\"target\":[\"https:\\\/\\\/www.asteboetto.com\\\/?page_id=95\"]}]},{\"@type\":\"BreadcrumbList\",\"@id\":\"https:\\\/\\\/www.asteboetto.com\\\/?page_id=95#breadcrumb\",\"itemListElement\":[{\"@type\":\"ListItem\",\"position\":1,\"name\":\"Home\",\"item\":\"https:\\\/\\\/www.asteboetto.com\\\/\"},{\"@type\":\"ListItem\",\"position\":2,\"name\":\"Chi Siamo\"}]},{\"@type\":\"WebSite\",\"@id\":\"https:\\\/\\\/www.asteboetto.com\\\/#website\",\"url\":\"https:\\\/\\\/www.asteboetto.com\\\/\",\"name\":\"Aste Boetto\",\"description\":\"Antiquariato, Design, Arte Moderna &amp; Gioielli | Genova\",\"publisher\":{\"@id\":\"https:\\\/\\\/www.asteboetto.com\\\/#organization\"},\"potentialAction\":[{\"@type\":\"SearchAction\",\"target\":{\"@type\":\"EntryPoint\",\"urlTemplate\":\"https:\\\/\\\/www.asteboetto.com\\\/?s={search_term_string}\"},\"query-input\":{\"@type\":\"PropertyValueSpecification\",\"valueRequired\":true,\"valueName\":\"search_term_string\"}}],\"inLanguage\":\"it-IT\"},{\"@type\":\"Organization\",\"@id\":\"https:\\\/\\\/www.asteboetto.com\\\/#organization\",\"name\":\"Aste Boetto\",\"url\":\"https:\\\/\\\/www.asteboetto.com\\\/\",\"logo\":{\"@type\":\"ImageObject\",\"inLanguage\":\"it-IT\",\"@id\":\"https:\\\/\\\/www.asteboetto.com\\\/#\\\/schema\\\/logo\\\/image\\\/\",\"url\":\"https:\\\/\\\/www.asteboetto.com\\\/wp-content\\\/uploads\\\/2024\\\/08\\\/android-chrome-512x512-1.png\",\"contentUrl\":\"https:\\\/\\\/www.asteboetto.com\\\/wp-content\\\/uploads\\\/2024\\\/08\\\/android-chrome-512x512-1.png\",\"width\":512,\"height\":512,\"caption\":\"Aste Boetto\"},\"image\":{\"@id\":\"https:\\\/\\\/www.asteboetto.com\\\/#\\\/schema\\\/logo\\\/image\\\/\"},\"sameAs\":[\"https:\\\/\\\/www.facebook.com\\\/casadasteboetto\",\"https:\\\/\\\/www.instagram.com\\\/asteboetto\\\/\"]}]}<\/script>\n<!-- \/ Yoast SEO plugin. -->","yoast_head_json":{"title":"Chi Siamo - Aste Boetto","robots":{"index":"index","follow":"follow","max-snippet":"max-snippet:-1","max-image-preview":"max-image-preview:large","max-video-preview":"max-video-preview:-1"},"canonical":"https:\/\/www.asteboetto.com\/?page_id=95","og_locale":"it_IT","og_type":"article","og_title":"Chi Siamo - Aste Boetto","og_description":"STORIANata negli anni Ottanta dalla volont\u00e0 di valorizzare il patrimonio artistico e culturale delle famiglie genovesi, la Casa d'Aste Boetto si \u00e8 affermata nel tempo come punto di riferimento per gli appassionati d'arte e gli antiquari. La Casa d'Aste Boetto \u00e8 nata anni fa con lo scopo di aiutare, tramite la vendita di arredi e [&hellip;]","og_url":"https:\/\/www.asteboetto.com\/?page_id=95","og_site_name":"Aste Boetto","article_publisher":"https:\/\/www.facebook.com\/casadasteboetto","article_modified_time":"2025-09-11T15:40:36+00:00","twitter_card":"summary_large_image","twitter_misc":{"Tempo di lettura stimato":"2 minuti"},"schema":{"@context":"https:\/\/schema.org","@graph":[{"@type":"WebPage","@id":"https:\/\/www.asteboetto.com\/?page_id=95","url":"https:\/\/www.asteboetto.com\/?page_id=95","name":"Chi Siamo - Aste Boetto","isPartOf":{"@id":"https:\/\/www.asteboetto.com\/#website"},"datePublished":"2022-05-19T08:35:03+00:00","dateModified":"2025-09-11T15:40:36+00:00","breadcrumb":{"@id":"https:\/\/www.asteboetto.com\/?page_id=95#breadcrumb"},"inLanguage":"it-IT","potentialAction":[{"@type":"ReadAction","target":["https:\/\/www.asteboetto.com\/?page_id=95"]}]},{"@type":"BreadcrumbList","@id":"https:\/\/www.asteboetto.com\/?page_id=95#breadcrumb","itemListElement":[{"@type":"ListItem","position":1,"name":"Home","item":"https:\/\/www.asteboetto.com\/"},{"@type":"ListItem","position":2,"name":"Chi Siamo"}]},{"@type":"WebSite","@id":"https:\/\/www.asteboetto.com\/#website","url":"https:\/\/www.asteboetto.com\/","name":"Aste Boetto","description":"Antiquariato, Design, Arte Moderna &amp; Gioielli | Genova","publisher":{"@id":"https:\/\/www.asteboetto.com\/#organization"},"potentialAction":[{"@type":"SearchAction","target":{"@type":"EntryPoint","urlTemplate":"https:\/\/www.asteboetto.com\/?s={search_term_string}"},"query-input":{"@type":"PropertyValueSpecification","valueRequired":true,"valueName":"search_term_string"}}],"inLanguage":"it-IT"},{"@type":"Organization","@id":"https:\/\/www.asteboetto.com\/#organization","name":"Aste Boetto","url":"https:\/\/www.asteboetto.com\/","logo":{"@type":"ImageObject","inLanguage":"it-IT","@id":"https:\/\/www.asteboetto.com\/#\/schema\/logo\/image\/","url":"https:\/\/www.asteboetto.com\/wp-content\/uploads\/2024\/08\/android-chrome-512x512-1.png","contentUrl":"https:\/\/www.asteboetto.com\/wp-content\/uploads\/2024\/08\/android-chrome-512x512-1.png","width":512,"height":512,"caption":"Aste Boetto"},"image":{"@id":"https:\/\/www.asteboetto.com\/#\/schema\/logo\/image\/"},"sameAs":["https:\/\/www.facebook.com\/casadasteboetto","https:\/\/www.instagram.com\/asteboetto\/"]}]}},"_links":{"self":[{"href":"https:\/\/www.asteboetto.com\/index.php?rest_route=\/wp\/v2\/pages\/95","targetHints":{"allow":["GET"]}}],"collection":[{"href":"https:\/\/www.asteboetto.com\/index.php?rest_route=\/wp\/v2\/pages"}],"about":[{"href":"https:\/\/www.asteboetto.com\/index.php?rest_route=\/wp\/v2\/types\/page"}],"author":[{"embeddable":true,"href":"https:\/\/www.asteboetto.com\/index.php?rest_route=\/wp\/v2\/users\/1"}],"replies":[{"embeddable":true,"href":"https:\/\/www.asteboetto.com\/index.php?rest_route=%2Fwp%2Fv2%2Fcomments&post=95"}],"version-history":[{"count":32,"href":"https:\/\/www.asteboetto.com\/index.php?rest_route=\/wp\/v2\/pages\/95\/revisions"}],"predecessor-version":[{"id":6528,"href":"https:\/\/www.asteboetto.com\/index.php?rest_route=\/wp\/v2\/pages\/95\/revisions\/6528"}],"wp:attachment":[{"href":"https:\/\/www.asteboetto.com\/index.php?rest_route=%2Fwp%2Fv2%2Fmedia&parent=95"}],"curies":[{"name":"wp","href":"https:\/\/api.w.org\/{rel}","templated":true}]}}